 487. What is the remainder when f is divided by 46?
41
Let o be (-306)/16 + 17/136. Let r = -10 - o. Suppose r*p = 6*p + 42. Calculate the remainder when 38 is divided by p.
10
Let p(i) = 80*i + 29853. Let d be 2/((-2)/(-3)) + 1. Suppose 2 - 30 = -d*g. What is the remainder when p(-373) is divided by g?
6
Suppose 3*z - 79 = -58. Suppose z*l - 24492 = -32*l. What is the remainder when l is divided by 90?
88
Suppose -193*l - 113*l + 91*l = -59555. What is the remainder when l is divided by 81?
34
Suppose -6200*g + 12452 = -6178*g. Calculate the remainder when g is divided by 146.
128
Let y(o) = o**2 + o + 113. Calculate the remainder when y(13) is divided by 30.
25
Suppose b = -2*w + 3, -56*b - 2*w = -53*b - 29. Calculate the remainder when 1727 is divided by b.
11
What is the remainder when 191 is divided by ((-2873)/845)/((-2)/70)?
72
Suppose -95232 = -234*h - 150*h. What is the remainder when 786 is divided by h?
42
Let v be ((-25)/15)/(1/(-90)). Let r = v - -71. Calculate the remainder when r is divided by -3 + (-40)/12*-12.
36
Let f = -237 + -15. Let x(g) = -g**3 + 5*g**2 - g - 7. Let q be x(6). What is the remainder when 166 is divided by f/q*14/3?
22
Suppose -131*t + 23681 = 96*t - 28*t. Calculate the remainder when t is divided by 16.
7
What is the remainder when 1262 is divided by -25*1/(20/(-8))?
2
Suppose 4098*d + 1728 = 4110*d. Calculate the remainder when d is divided by 111.
33
Let m(y) = y**3 - 12*y**2 - 14*y + 13. Let l be m(13). Suppose -3*j + 11 + 7 = l. Suppose 0 = -u - j + 18. Calculate the remainder when 71 is divided by u.
11
Suppose 0 = 3*j - 103 - 119. Suppose -11*s + 182 = 3*s. What is the remainder when j is divided by s?
9
Suppose 3*t = -2*z + 45, -2*t + 44 - 14 = 2*z. Let p be 1 - (-6 + -72 + -10). Suppose -77*b - 312 = -p*b. Calculate the remainder when b is divided by t.
11
Let h(c) = -2*c**2 - 5*c - 5. Let a be h(-7). Let w = -66 - a. Let r(o) = 13*o - 5. What is the remainder when 41 is divided by r(w)?
20
Suppose 145*u = 196*u - 6273. Calculate the remainder when 291 is divided by u.
45
Let j = -4 - -10. Suppose 2*v + 23 = 4*h + 7, -3*h - v + 22 = 0. Suppose -h*g + 35 = 11. What is the remainder when j is divided by g?
2
Let t = -343 - -355. Calculate the remainder when (-2836)/(-28) + 8/(-28) is divided by t.
5
Suppose 3*a = 4*a + 5*r - 6, -4*a + 4*r + 24 = 0. Suppose l = a*l - 3*h - 126, -4*l + 99 = -3*h. Let c = l - 8. Calculate the remainder when 74 is divided by c.
17
Let t = -10615 - -11368. Calculate the remainder when t is divided by 63.
60
Suppose -5*u = 472 - 187. Let r = u - -175. Calculate the remainder when r is divided by 40.
38
Suppose 28*x - 27*x + 37 = -3*n, 4*x + 52 = -4*n. What is the remainder when 445 is divided by (-99)/n - (-1)/(-4)?
5
Suppose 0 = -11*s - 7166 + 133897. What is the remainder when s is divided by 43?
40
Suppose 7*j - 2*j - 495 = 0. Suppose -2*x - 3*m = 4*m - 5*m - 74, -10*m = 0. Calculate the remainder when j is divided by x.
25
Let o = -14438 + 14481. Let k = -160 + 245. Calculate the remainder when k is divided by o.
42
What is the remainder when 534 is divided by (12321/(-74))/((-3)/2) - 3?
102
Suppose -49*k + 51*k = -5*m + 132, 0 = 4*k - 3*m - 212. What is the remainder when 187 is divided by k?
19
Suppose 69304*r = 69321*r - 52581. Calculate the remainder when r is divided by 3084.
9
Suppose -55 = -348*y + 347*y. Let q(s) = -12*s - 5. Suppose 3*z = -5 - 1. What is the remainder when y is divided by q(z)?
17
Suppose 0 = -4*l - 3*q + 4, -q = 4*l - 0*l - 12. Suppose -385 = -l*z - z. Let h = z + -46. What is the remainder when h is divided by 18?
13
Let a(s) = -2*s**3 + 5*s**2 + 3*s + 18. Let j be a(-4). Calculate the remainder when 146 is divided by j/10 + (-2)/5.
20
Suppose 5*i = 4*p + 325, 3*i + 3*p = 2*i + 46. Let a = i - 40. Calculate the remainder when 8/(-14) - (-264)/a is divided by 8.
4
Suppose -13*x - 4*x + 3672 = 0. Let r = x - 180. Calculate the remainder when 66 is divided by r.
30
Let h(g) = g**3 + 80*g**2 + 2*g + 171. Calculate the remainder when 218 is divided by h(-80).
9
Suppose 3*m - 3*g = -15 + 36, g + 23 = 5*m. Let a(r) = 92*r - 19. What is the remainder when a(m) is divided by 22?
19
Let z = -3111 + 3115. Calculate the remainder when 108 is divided by z.
0
Suppose 3*f - 1408 = 51*a - 56*a, 0 = 5*f - 3*a - 2358. Calculate the remainder when f is divided by 95.
91
Suppose -5*j = 2*f - 62, 3*f - 2*f - 3*j = 42. What is the remainder when 232 is divided by f/54 + (-139)/(-3)?
44
Let n(o) be the first derivative of o**4/4 + 2*o**3/3 - o**2 + 7*o - 152. Calculate the remainder when 41 is divided by n(0).
6
Let z = -11086 + 11403. Calculate the remainder when 961 is divided by z.
10
Let d = 9 - -5. Let o = -505932 + 506014. What is the remainder when o is divided by d?
12
Suppose -c + 34*c = -2*c + 15190. Calculate the remainder when c is divided by 139.
17
Suppose 0 = 22*p + 52*p - 476 - 190. What is the remainder when 433 is divided by p?
1
Let o be 4/(-3)*(44/8 - 7). Suppose -247 = -3*g + 2*z, 2*g - 227 = -g - o*z. Calculate the remainder when g is divided by 8.
7
Let i(w) = -2*w**3 + 34*w**2 - 15. Let t be i(17). Let s = 46 + -18. What is the remainder when s is divided by (t/(-2))/(27/36)?
8
Let i(r) = 54*r**2 + 16*r - 78. What is the remainder when i(4) is divided by 78?
70
Suppose 61 = -13*h + 113. Suppose 673 + 79 = 5*v + h*r, -2*r + 302 = 2*v. Calculate the remainder when v is divided by 15.
13
Let h(u) = 15*u**2 + 220*u + 1726. Calculate the remainder when h(-8) is divided by 454.
18
Suppose 0 = -4*c - 2*x + 156, -85*c + 87*c - 102 = -4*x. Let d(f) = 12*f + 7. What is the remainder when d(8) is divided by c?
33
Suppose 5*w = -457 - 103. Let h = -82 - w. What is the remainder when 56 is divided by h?
26
Let n = 262 - 258. Suppose c + n*j - 112 = -3*c, -j = -4*c + 122. Calculate the remainder when c is divided by 19.
11
Let x = -3 - -11. Let r be (-5)/40*2 + 7/(-4). What is the remainder when 0 - -22 - (0 - 0/r) is divided by x?
6
Let c(v) = -3*v**2 + 10*v - 136. Let d be c(14). Let i = -578 - d. What is the remainder when (-13)/(1 + 6/(-4)) is divided by i?
2
Let f(w) = -w**2 + 16*w - 34. What is the remainder when 1138 is divided by f(7)?
7
Suppose -5*f + 288 = 2*u, u - 152 = -3*f + 5*u. Calculate the remainder when 179 is divided by f.
11
Suppose -3*j = -u - 8706 + 1183, -2*u = -5*j + 12538. What is the remainder when 2519 is divided by j?
11
Suppose -73*h + 1745 = -1613. Calculate the remainder when 402 is divided by h.
34
Suppose -q + 26 = 4*k - k, -k = 4*q - 5. What is the remainder when 27 is divided by k/6*50/5?
12
Let c = 18 - 2. Suppose 0 = 3*h - a - 182, 0 = -h - 155*a + 157*a + 59. Calculate the remainder when h is divided by c.
13
Suppose -17*h - 10*h = 6075. What is the remainder when -4 + (-1 - h)/8 is divided by 13?
11
Let k be (0/((-28)/(-4)))/(-3). Suppose k = 42*h - 6*h - 1152. Calculate the remainder when 187 is divided by h.
27
Let i = 2514 - 2512. Calculate the remainder when 316 is divided by i.
0
Calculate the remainder when 2598 is divided by 34 + 6/(18/(-51)).
14
Suppose 45*u - 294 = -22*u + 25*u. Calculate the remainder when 859 is divided by u.
5
Suppose 4*a + 3089 = -61*h + 62*h, 3129 = h - 12*a. Calculate the remainder when h is divided by 10.
9
Let b(g) = g + 12. Let s be b(-9). Let p(o) = o + 1. Let r(n) = -8*n + 2. Let m(j) = s*p(j) - r(j). What is the remainder when m(10) is divided by 28?
27
Suppose -4*m - l + 310 = -71, 5*m - 474 = l. Let q = 909 + -877. What is the remainder when m is divided by q?
31
Let l be (22/2 - 1)*(-38)/95. Let n be -120 + -1 - (6 + 8/l). Let k = -92 - n. Calculate the remainder when k is divided by 12.
9
Suppose 15 - 20 = j. Let q = j + 34. Suppose -8*n - 5 = -q. Calculate the remainder when 17 is divided by n.
2
Suppose -17 - 3 = 4*r. Let i(d) = -27*d + 96. Let k(b) = 29*b - 97. Let a(c) = r*k(c) - 6*i(c). What is the remainder when 32 is divided by a(6)?
10
Let c(v) = 13*v**2 + 1. Calculate the remainder when 3*29 - (18 - 6 - 17) is divided by c(1).
8
Suppose -3*c - 3*p + 232 = -p, 5*c + 5*p = 400. What is the remainder when c is divided by 9 - 1 - 1/1?
2
Let i = 18 - 6. Suppose 16 = -5*l + 4*q + 45, -3*l + i = 3*q. What is the remainder when (-42)/(-4) + (-12)/(-24) is divided by l